{"id":1055,"date":"2017-07-04T18:55:20","date_gmt":"2017-07-04T18:55:20","guid":{"rendered":"http:\/\/www2.unsa.edu.pe\/escuelas\/ingalimentarias\/?page_id=1055"},"modified":"2019-07-05T10:11:22","modified_gmt":"2019-07-05T15:11:22","slug":"mision","status":"publish","type":"page","link":"https:\/\/fip.unsa.edu.pe\/ingalimentarias\/mision\/","title":{"rendered":"Misi\u00f3n"},"content":{"rendered":"<div class=\"cua-gri\"><img loading=\"lazy\" decoding=\"async\" class=\"hidden-xs alignnone size-medium wp-image-1428\" src=\"https:\/\/fip.unsa.edu.pe\/ingalimentarias\/wp-content\/uploads\/sites\/11\/2017\/10\/ing.alimentarias5-360x203.jpg\" alt=\"\" width=\"360\" height=\"203\" \/><\/p>\n<h1>Misi\u00f3n<\/h1>\n<p>Escuela de Ingenier\u00eda de Industrias Alimentarias de la Universidad Nacional de San Agust\u00edn, busca formar un profesional acad\u00e9mico \u2013 cient\u00edfico y tecnol\u00f3gico; creativo y con vocaci\u00f3n investigadora en el campo de la industria de alimentos, con el fin de contribuir al desarrollo y aprovechamiento eficiente de nuestros recursos naturales, respetuoso del medio ambiente y con gran sensibilidad social.<\/div>\n","protected":false},"excerpt":{"rendered":"","protected":false},"author":1,"featured_media":0,"parent":0,"menu_order":0,"comment_status":"closed","ping_status":"closed","template":"page-blanco.php","meta":{"_acf_changed":false,"footnotes":""},"class_list":["post-1055","page","type-page","status-publish","hentry"],"acf":[],"_links":{"self":[{"href":"https:\/\/fip.unsa.edu.pe\/ingalimentarias\/wp-json\/wp\/v2\/pages\/1055","targetHints":{"allow":["GET"]}}],"collection":[{"href":"https:\/\/fip.unsa.edu.pe\/ingalimentarias\/wp-json\/wp\/v2\/pages"}],"about":[{"href":"https:\/\/fip.unsa.edu.pe\/ingalimentarias\/wp-json\/wp\/v2\/types\/page"}],"author":[{"embeddable":true,"href":"https:\/\/fip.unsa.edu.pe\/ingalimentarias\/wp-json\/wp\/v2\/users\/1"}],"replies":[{"embeddable":true,"href":"https:\/\/fip.unsa.edu.pe\/ingalimentarias\/wp-json\/wp\/v2\/comments?post=1055"}],"version-history":[{"count":4,"href":"https:\/\/fip.unsa.edu.pe\/ingalimentarias\/wp-json\/wp\/v2\/pages\/1055\/revisions"}],"predecessor-version":[{"id":1623,"href":"https:\/\/fip.unsa.edu.pe\/ingalimentarias\/wp-json\/wp\/v2\/pages\/1055\/revisions\/1623"}],"wp:attachment":[{"href":"https:\/\/fip.unsa.edu.pe\/ingalimentarias\/wp-json\/wp\/v2\/media?parent=1055"}],"curies":[{"name":"wp","href":"https:\/\/api.w.org\/{rel}","templated":true}]}}