{"id":1074,"date":"2017-07-05T13:04:30","date_gmt":"2017-07-05T13:04:30","guid":{"rendered":"http:\/\/www2.unsa.edu.pe\/escuelas\/ingalimentarias\/?page_id=1074"},"modified":"2018-07-03T16:34:11","modified_gmt":"2018-07-03T21:34:11","slug":"perfil-profesional","status":"publish","type":"page","link":"https:\/\/fip.unsa.edu.pe\/ingalimentarias\/perfil-profesional\/","title":{"rendered":"Perfil del Egresado"},"content":{"rendered":"<p>El ingeniero de Industrias Alimentarias de la Universidad Nacional de San Agust\u00edn de Arequipa participa en el desarrollo regional, nacional e internacional mediante el dise\u00f1o, investigaci\u00f3n, gesti\u00f3n y evaluaci\u00f3n de los procesos destinados a la conservaci\u00f3n y\/o transformaci\u00f3n de materias primas, sustentado en el conocimiento, con compromiso \u00e9tico, responsabilidad t\u00e9cnica, cient\u00edfica y social.<\/p>\n","protected":false},"excerpt":{"rendered":"<p>El ingeniero de Industrias Alimentarias de la Universidad Nacional de San Agust\u00edn de Arequipa participa en el desarrollo regional, nacional e internacional mediante el dise\u00f1o, investigaci\u00f3n, gesti\u00f3n y evaluaci\u00f3n de los procesos destinados a la conservaci\u00f3n y\/o transformaci\u00f3n de materias primas, sustentado en el conocimiento, con compromiso \u00e9tico, responsabilidad t\u00e9cnica, cient\u00edfica y social.<\/p>\n","protected":false},"author":1,"featured_media":1249,"parent":0,"menu_order":0,"comment_status":"closed","ping_status":"closed","template":"","meta":{"_acf_changed":false,"footnotes":""},"class_list":["post-1074","page","type-page","status-publish","has-post-thumbnail","hentry"],"acf":[],"_links":{"self":[{"href":"https:\/\/fip.unsa.edu.pe\/ingalimentarias\/wp-json\/wp\/v2\/pages\/1074","targetHints":{"allow":["GET"]}}],"collection":[{"href":"https:\/\/fip.unsa.edu.pe\/ingalimentarias\/wp-json\/wp\/v2\/pages"}],"about":[{"href":"https:\/\/fip.unsa.edu.pe\/ingalimentarias\/wp-json\/wp\/v2\/types\/page"}],"author":[{"embeddable":true,"href":"https:\/\/fip.unsa.edu.pe\/ingalimentarias\/wp-json\/wp\/v2\/users\/1"}],"replies":[{"embeddable":true,"href":"https:\/\/fip.unsa.edu.pe\/ingalimentarias\/wp-json\/wp\/v2\/comments?post=1074"}],"version-history":[{"count":2,"href":"https:\/\/fip.unsa.edu.pe\/ingalimentarias\/wp-json\/wp\/v2\/pages\/1074\/revisions"}],"predecessor-version":[{"id":1602,"href":"https:\/\/fip.unsa.edu.pe\/ingalimentarias\/wp-json\/wp\/v2\/pages\/1074\/revisions\/1602"}],"wp:featuredmedia":[{"embeddable":true,"href":"https:\/\/fip.unsa.edu.pe\/ingalimentarias\/wp-json\/wp\/v2\/media\/1249"}],"wp:attachment":[{"href":"https:\/\/fip.unsa.edu.pe\/ingalimentarias\/wp-json\/wp\/v2\/media?parent=1074"}],"curies":[{"name":"wp","href":"https:\/\/api.w.org\/{rel}","templated":true}]}}