{"id":1080,"date":"2017-07-05T13:06:45","date_gmt":"2017-07-05T13:06:45","guid":{"rendered":"http:\/\/www2.unsa.edu.pe\/escuelas\/ingalimentarias\/?page_id=1080"},"modified":"2019-07-05T10:13:40","modified_gmt":"2019-07-05T15:13:40","slug":"campo-ocupacional","status":"publish","type":"page","link":"https:\/\/fip.unsa.edu.pe\/ingalimentarias\/campo-ocupacional\/","title":{"rendered":"Campo Ocupacional"},"content":{"rendered":"<p>El Ingeniero de Industrias Alimentarias puede desempe\u00f1arse eficazmente como:<\/p>\n<ul>\n<li>Jefe del \u00e1rea de Control de Calidad de las empresas dedicadas a la importaci\u00f3n, producci\u00f3n, comercializaci\u00f3n y distribuci\u00f3n de alimentos.<\/li>\n<li>Jefe de producci\u00f3n en empresas dedicadas a la producci\u00f3n de alimentos.<\/li>\n<li>Responsable del \u00e1rea de innovaci\u00f3n y desarrollo en las industrias de alimentos<\/li>\n<li>Consultor en Sistemas de Gesti\u00f3n Integrados en la Industria de Alimentos: ISO 22000:<\/li>\n<li>Gesti\u00f3n de Aseguramiento de la Inocuidad, BPM, HACCP; ISO 9001:2015, Gesti\u00f3n de la Calidad; ISO 14001: Gesti\u00f3n del Medio Ambiente, BRC, entre otras.<\/li>\n<li>Capacidad para\u00a0 asumir\u00a0 cargos\u00a0 de \u00a0responsabilidad\u00a0 en\u00a0 entidades gubernamentales\u00a0 del\u00a0 sector\u00a0 agro industrial, productivo y banca de fomento.<\/li>\n<li>Inspector Sanitario de Alimentos.<\/li>\n<li>Generador de empresas de Alimentos propias.<\/li>\n<li>Liderar y\/o participar en Proyectos Agroindustriales.<\/li>\n<li>Podr\u00e1 ejercer su labor como docente universitario y t\u00e9cnico.<\/li>\n<\/ul>\n","protected":false},"excerpt":{"rendered":"<p>El Ingeniero de Industrias Alimentarias puede desempe\u00f1arse eficazmente como: Jefe del \u00e1rea de Control de Calidad de las empresas dedicadas a la importaci\u00f3n, producci\u00f3n, comercializaci\u00f3n y distribuci\u00f3n de alimentos. Jefe de producci\u00f3n en empresas dedicadas a la producci\u00f3n de alimentos. Responsable del \u00e1rea de innovaci\u00f3n y desarrollo en las industrias de alimentos Consultor en Sistemas [&hellip;]<\/p>\n","protected":false},"author":1,"featured_media":1347,"parent":0,"menu_order":0,"comment_status":"closed","ping_status":"closed","template":"","meta":{"_acf_changed":false,"footnotes":""},"class_list":["post-1080","page","type-page","status-publish","has-post-thumbnail","hentry"],"acf":[],"_links":{"self":[{"href":"https:\/\/fip.unsa.edu.pe\/ingalimentarias\/wp-json\/wp\/v2\/pages\/1080","targetHints":{"allow":["GET"]}}],"collection":[{"href":"https:\/\/fip.unsa.edu.pe\/ingalimentarias\/wp-json\/wp\/v2\/pages"}],"about":[{"href":"https:\/\/fip.unsa.edu.pe\/ingalimentarias\/wp-json\/wp\/v2\/types\/page"}],"author":[{"embeddable":true,"href":"https:\/\/fip.unsa.edu.pe\/ingalimentarias\/wp-json\/wp\/v2\/users\/1"}],"replies":[{"embeddable":true,"href":"https:\/\/fip.unsa.edu.pe\/ingalimentarias\/wp-json\/wp\/v2\/comments?post=1080"}],"version-history":[{"count":3,"href":"https:\/\/fip.unsa.edu.pe\/ingalimentarias\/wp-json\/wp\/v2\/pages\/1080\/revisions"}],"predecessor-version":[{"id":1625,"href":"https:\/\/fip.unsa.edu.pe\/ingalimentarias\/wp-json\/wp\/v2\/pages\/1080\/revisions\/1625"}],"wp:featuredmedia":[{"embeddable":true,"href":"https:\/\/fip.unsa.edu.pe\/ingalimentarias\/wp-json\/wp\/v2\/media\/1347"}],"wp:attachment":[{"href":"https:\/\/fip.unsa.edu.pe\/ingalimentarias\/wp-json\/wp\/v2\/media?parent=1080"}],"curies":[{"name":"wp","href":"https:\/\/api.w.org\/{rel}","templated":true}]}}