{"id":1179,"date":"2017-07-17T15:55:31","date_gmt":"2017-07-17T15:55:31","guid":{"rendered":"http:\/\/www2.unsa.edu.pe\/escuelas\/ingambiental\/?page_id=1179"},"modified":"2018-04-06T09:38:56","modified_gmt":"2018-04-06T14:38:56","slug":"preguntas-frecuentes","status":"publish","type":"page","link":"https:\/\/fip.unsa.edu.pe\/ingambiental\/preguntas-frecuentes\/","title":{"rendered":"Preguntas Frecuentes"},"content":{"rendered":"<h4>1.- \u00bfCu\u00e1l es el Campo Ocupacional de la Carrera de Ingenier\u00eda Ambiental?<\/h4>\n<p>Los egresados de la Ingenier\u00eda Ambiental de la UNSA, podr\u00e1n desarrollarse en los mercados laborales regionales, nacionales e internacionales a nivel de gerencia, direcci\u00f3n o especialista en:<\/p>\n<ul>\n<li>Organismos p\u00fablicos a nivel de gobierno central, regional y municipal; organismos desconcentrados y\/o descentralizados.<\/li>\n<li>Empresas del sector industrial en general, y de los ramos minero-metal\u00fargico, energ\u00e9tico, agricultura, agroindustria, turismo, proyectos civiles, etc.<\/li>\n<li>Empresas sanitarias, vertederos y estaciones de transferencia, el manejo y control de residuos industriales y hospitalarios.<\/li>\n<li>Instituciones educativas de nivel medio y superior.<\/li>\n<li>Institutos, y\/o centros de investigaci\u00f3n tanto p\u00fablica como privada.<\/li>\n<li>Organizaciones no gubernamentales encaminadas a la promoci\u00f3n de Cultura Ambiental.<\/li>\n<li>Profesional independiente que realiza asesor\u00eda, consultor\u00eda en proyectos de desarrollo ambiental, capacitaci\u00f3n, estudios de impacto ambiental, de riesgo, auditor\u00edas ambientales, propuesta de innovaciones tecnol\u00f3gicas, etc.<\/li>\n<\/ul>\n<h4>2.- \u00bfCu\u00e1l es el tiempo requerido para egresar de la Carrera Profesional de Ingenier\u00eda Ambiental?<\/h4>\n<p>La Carrera Profesional de Ingenier\u00eda Ambiental se concluye al t\u00e9rmino de diez Semestres Acad\u00e9micos.<\/p>\n","protected":false},"excerpt":{"rendered":"<p>1.- \u00bfCu\u00e1l es el Campo Ocupacional de la Carrera de Ingenier\u00eda Ambiental? Los egresados de la Ingenier\u00eda Ambiental de la UNSA, podr\u00e1n desarrollarse en los mercados laborales regionales, nacionales e internacionales a nivel de gerencia, direcci\u00f3n o especialista en: Organismos p\u00fablicos a nivel de gobierno central, regional y municipal; organismos desconcentrados y\/o descentralizados. Empresas del [&hellip;]<\/p>\n","protected":false},"author":1,"featured_media":1275,"parent":0,"menu_order":0,"comment_status":"closed","ping_status":"closed","template":"","meta":{"_acf_changed":false,"footnotes":""},"class_list":["post-1179","page","type-page","status-publish","has-post-thumbnail","hentry"],"acf":[],"_links":{"self":[{"href":"https:\/\/fip.unsa.edu.pe\/ingambiental\/wp-json\/wp\/v2\/pages\/1179","targetHints":{"allow":["GET"]}}],"collection":[{"href":"https:\/\/fip.unsa.edu.pe\/ingambiental\/wp-json\/wp\/v2\/pages"}],"about":[{"href":"https:\/\/fip.unsa.edu.pe\/ingambiental\/wp-json\/wp\/v2\/types\/page"}],"author":[{"embeddable":true,"href":"https:\/\/fip.unsa.edu.pe\/ingambiental\/wp-json\/wp\/v2\/users\/1"}],"replies":[{"embeddable":true,"href":"https:\/\/fip.unsa.edu.pe\/ingambiental\/wp-json\/wp\/v2\/comments?post=1179"}],"version-history":[{"count":2,"href":"https:\/\/fip.unsa.edu.pe\/ingambiental\/wp-json\/wp\/v2\/pages\/1179\/revisions"}],"predecessor-version":[{"id":1491,"href":"https:\/\/fip.unsa.edu.pe\/ingambiental\/wp-json\/wp\/v2\/pages\/1179\/revisions\/1491"}],"wp:featuredmedia":[{"embeddable":true,"href":"https:\/\/fip.unsa.edu.pe\/ingambiental\/wp-json\/wp\/v2\/media\/1275"}],"wp:attachment":[{"href":"https:\/\/fip.unsa.edu.pe\/ingambiental\/wp-json\/wp\/v2\/media?parent=1179"}],"curies":[{"name":"wp","href":"https:\/\/api.w.org\/{rel}","templated":true}]}}