{"id":1680,"date":"2019-07-09T10:04:43","date_gmt":"2019-07-09T15:04:43","guid":{"rendered":"https:\/\/fip.unsa.edu.pe\/ingambiental\/?page_id=1680"},"modified":"2025-07-22T16:26:34","modified_gmt":"2025-07-22T21:26:34","slug":"laboratorios","status":"publish","type":"page","link":"https:\/\/fip.unsa.edu.pe\/ingambiental\/laboratorios\/","title":{"rendered":"Laboratorios"},"content":{"rendered":"<p>Protocolos de seguridad aplicados:<\/p>\n<ul>\n<li><a href=\"https:\/\/fip.unsa.edu.pe\/ingquimica\/wp-content\/uploads\/sites\/2\/2019\/07\/Protocolo-04.pdf\" target=\"_blank\" rel=\"noopener\">Protocolo 04<\/a><\/li>\n<\/ul>\n<p>La Escuela cuenta con una moderna infraestructura compuesta por 10 laboratorios especializados y un centro de c\u00f3mputo, dise\u00f1ados para fortalecer la formaci\u00f3n profesional, la investigaci\u00f3n aplicada y el desarrollo de proyectos ambientales. Cada laboratorio est\u00e1 equipado con tecnolog\u00eda de punta, acorde a los est\u00e1ndares de calidad y exigencias del sector ambiental.<\/p>\n<ol>\n<li>\n<h4>Laboratorio de Ecotoxicolog\u00eda Ambiental<\/h4>\n<\/li>\n<\/ol>\n<p>Este laboratorio permite evaluar la toxicidad de contaminantes en muestras ambientales mediante bioensayos. Est\u00e1 equipado con un analizador de toxicidad Microtox, estereoscopio trinocular, c\u00e1mara clim\u00e1tica, liofilizador de mesa, motor de liofilizaci\u00f3n y autoclave autom\u00e1tico digital, los cuales permiten realizar pruebas controladas y preservar adecuadamente las muestras utilizadas en los ensayos.<\/p>\n<ol start=\"2\">\n<li>\n<h4>Laboratorio de Microbiolog\u00eda Ambiental<\/h4>\n<\/li>\n<\/ol>\n<p>Laboratorio especializado en el an\u00e1lisis y caracterizaci\u00f3n de microorganismos presentes en aire, agua, suelo y residuos. Permite desarrollar t\u00e9cnicas de aislamiento, identificaci\u00f3n, recuento y estudio de bacterias, hongos y virus con impacto ambiental, as\u00ed como su uso en procesos de biorremediaci\u00f3n y control biol\u00f3gico.<\/p>\n<ol start=\"3\">\n<li>\n<h4>Laboratorio de Evaluaci\u00f3n y Control Ambiental de Suelos<\/h4>\n<\/li>\n<\/ol>\n<p>Es un espacio equipado con tecnolog\u00eda de punta y especializado en an\u00e1lisis de muestras de suelos para la detecci\u00f3n y cuantificaci\u00f3n de contaminantes. Con su equipo de profesionales altamente capacitados y sus herramientas de \u00faltima generaci\u00f3n.<\/p>\n<ol start=\"4\">\n<li>\n<h4>Laboratorio de Tecnolog\u00eda de Reciclado y Residuos S\u00f3lidos<\/h4>\n<\/li>\n<\/ol>\n<p>Es un laboratorio equipado vital para la investigaci\u00f3n, ense\u00f1anza y aplicaci\u00f3n de tecnolog\u00edas y t\u00e9cnicas de reciclado de residuos s\u00f3lidos, contribuyendo as\u00ed al desarrollo sostenible y la protecci\u00f3n del medio ambiente.<\/p>\n<ol start=\"5\">\n<li>\n<h4>Laboratorio de Biorremediaci\u00f3n Ambiental<\/h4>\n<\/li>\n<\/ol>\n<p>El Laboratorio de Biorremediaci\u00f3n es un espacio clave para la formaci\u00f3n de los estudiantes de la Escuela Profesional de Ingenier\u00eda Ambiental, ya que les permite adquirir conocimientos y habilidades pr\u00e1cticas en el \u00e1mbito de la remediaci\u00f3n ambiental. Adem\u00e1s, tambi\u00e9n es un espacio de investigaci\u00f3n donde se realizan proyectos de investigaci\u00f3n y desarrollo tecnol\u00f3gico en el campo de la fitorremediaci\u00f3n y biorremediaci\u00f3n.<\/p>\n<ol start=\"6\">\n<li>\n<h4>Laboratorio de Evaluaci\u00f3n y Control de Aguas y Residuos Acuosos<\/h4>\n<\/li>\n<\/ol>\n<p>El Laboratorio de Contaminaci\u00f3n de Aguas y Residuos Acuosos es un espacio clave para la formaci\u00f3n de los estudiantes de la Escuela Profesional de Ingenier\u00eda Ambiental, ya que les permite adquirir conocimientos y habilidades pr\u00e1cticas en el \u00e1mbito de la contaminaci\u00f3n de aguas y la gesti\u00f3n de residuos acuosos. Adem\u00e1s, tambi\u00e9n es un espacio de investigaci\u00f3n donde se realizan proyectos de investigaci\u00f3n y desarrollo tecnol\u00f3gico en el campo de la gesti\u00f3n de residuos acuosos.<\/p>\n<ol start=\"7\">\n<li>\n<h4>Laboratorio de Transferencia de Materia, Termoqu\u00edmica y Cin\u00e9tica<\/h4>\n<\/li>\n<\/ol>\n<p>El Laboratorio de Transferencia de Materia, Termoqu\u00edmica y Cin\u00e9tica es un espacio fundamental para la formaci\u00f3n de los estudiantes de la Escuela Profesional de Ingenier\u00eda Ambiental, ya que les permite adquirir conocimientos y habilidades pr\u00e1cticas en el \u00e1mbito de la transferencia de materia y energ\u00eda en procesos qu\u00edmicos y ambientales. Adem\u00e1s, tambi\u00e9n es un espacio de investigaci\u00f3n donde se llevan a cabo proyectos de investigaci\u00f3n y desarrollo tecnol\u00f3gico en el campo de la prevenci\u00f3n y control de la contaminaci\u00f3n ambiental.<\/p>\n<ol start=\"8\">\n<li>\n<h4>Laboratorio Energ\u00eda Renovable<\/h4>\n<\/li>\n<\/ol>\n<p>El Laboratorio de Energ\u00eda Renovable es un espacio esencial para la formaci\u00f3n de los estudiantes de la Escuela Profesional de Ingenier\u00eda Ambiental, ya que les permite adquirir conocimientos y habilidades pr\u00e1cticas en el \u00e1mbito de las energ\u00edas renovables. Adem\u00e1s, tambi\u00e9n es un espacio de investigaci\u00f3n donde se llevan a cabo proyectos de investigaci\u00f3n y desarrollo tecnol\u00f3gico en el campo de las energ\u00edas renovables.<\/p>\n<ol start=\"9\">\n<li>\n<h4>Laboratorio Evaluaci\u00f3n y Control Ambiental, Atmosf\u00e9rico y Climatolog\u00eda<\/h4>\n<\/li>\n<\/ol>\n<p>El Laboratorio de Evaluaci\u00f3n y Control Ambiental, Atmosf\u00e9rico y Climatolog\u00eda es un espacio dedicado al estudio, an\u00e1lisis y monitoreo de la calidad del aire, as\u00ed como al dise\u00f1o y aplicaci\u00f3n de tecnolog\u00edas y estrategias para el control de la contaminaci\u00f3n atmosf\u00e9rica. Este laboratorio tiene como objetivo el desarrollo de t\u00e9cnicas y herramientas para la evaluaci\u00f3n y control de la calidad del aire, y su impacto en la salud humana y el medio ambiente.<\/p>\n<ol start=\"10\">\n<li>\n<h4>Laboratorio de An\u00e1lisis Ambientales Avanzados<\/h4>\n<\/li>\n<\/ol>\n<p>El Laboratorio de An\u00e1lisis Ambientales Avanzados es un espacio dedicado a la investigaci\u00f3n y aplicaci\u00f3n de tecnolog\u00edas avanzadas en el tratamiento y control de la contaminaci\u00f3n ambiental. Este laboratorio cuenta con tecnolog\u00edas de vanguardia, como el espectrofot\u00f3metro, que permiten la medici\u00f3n y an\u00e1lisis de diferentes par\u00e1metros y contaminantes en diferentes matrices ambientales.<\/p>\n<ol start=\"11\">\n<li>\n<h4>Centro de C\u00f3mputo<\/h4>\n<\/li>\n<\/ol>\n<p>Espacio equipado con estaciones de trabajo modernas que permiten el desarrollo de simulaciones, modelamiento ambiental, an\u00e1lisis estad\u00edstico y geoespacial. Se utilizan software especializados como ArcGIS, AutoCAD, entre otros, para reforzar las competencias tecnol\u00f3gicas de los estudiantes.<\/p>\n","protected":false},"excerpt":{"rendered":"<p>Protocolos de seguridad aplicados: Protocolo 04 La Escuela cuenta con una moderna infraestructura compuesta por 10 laboratorios especializados y un centro de c\u00f3mputo, dise\u00f1ados para fortalecer la formaci\u00f3n profesional, la investigaci\u00f3n aplicada y el desarrollo de proyectos ambientales. Cada laboratorio est\u00e1 equipado con tecnolog\u00eda de punta, acorde a los est\u00e1ndares de calidad y exigencias del [&hellip;]<\/p>\n","protected":false},"author":1,"featured_media":1854,"parent":0,"menu_order":0,"comment_status":"closed","ping_status":"closed","template":"","meta":{"_acf_changed":false,"footnotes":""},"class_list":["post-1680","page","type-page","status-publish","has-post-thumbnail","hentry"],"acf":[],"_links":{"self":[{"href":"https:\/\/fip.unsa.edu.pe\/ingambiental\/wp-json\/wp\/v2\/pages\/1680","targetHints":{"allow":["GET"]}}],"collection":[{"href":"https:\/\/fip.unsa.edu.pe\/ingambiental\/wp-json\/wp\/v2\/pages"}],"about":[{"href":"https:\/\/fip.unsa.edu.pe\/ingambiental\/wp-json\/wp\/v2\/types\/page"}],"author":[{"embeddable":true,"href":"https:\/\/fip.unsa.edu.pe\/ingambiental\/wp-json\/wp\/v2\/users\/1"}],"replies":[{"embeddable":true,"href":"https:\/\/fip.unsa.edu.pe\/ingambiental\/wp-json\/wp\/v2\/comments?post=1680"}],"version-history":[{"count":11,"href":"https:\/\/fip.unsa.edu.pe\/ingambiental\/wp-json\/wp\/v2\/pages\/1680\/revisions"}],"predecessor-version":[{"id":1916,"href":"https:\/\/fip.unsa.edu.pe\/ingambiental\/wp-json\/wp\/v2\/pages\/1680\/revisions\/1916"}],"wp:featuredmedia":[{"embeddable":true,"href":"https:\/\/fip.unsa.edu.pe\/ingambiental\/wp-json\/wp\/v2\/media\/1854"}],"wp:attachment":[{"href":"https:\/\/fip.unsa.edu.pe\/ingambiental\/wp-json\/wp\/v2\/media?parent=1680"}],"curies":[{"name":"wp","href":"https:\/\/api.w.org\/{rel}","templated":true}]}}