{"id":1130,"date":"2017-07-13T13:50:39","date_gmt":"2017-07-13T13:50:39","guid":{"rendered":"http:\/\/www2.unsa.edu.pe\/escuelas\/ingmateriales\/?page_id=1130"},"modified":"2018-07-04T09:46:55","modified_gmt":"2018-07-04T14:46:55","slug":"perfil-del-egresado","status":"publish","type":"page","link":"https:\/\/fip.unsa.edu.pe\/ingmateriales\/perfil-del-egresado\/","title":{"rendered":"Perfil del egresado"},"content":{"rendered":"<p>Los Ingenieros de Materiales egresados de la Universidad Nacional de San Agust\u00edn son profesionales de alta calidad e integrales, desde una perspectiva \u00e9tica, cient\u00edfica y tecnol\u00f3gica, con pleno sentido de responsabilidad social de acuerdo a las necesidades del pa\u00eds y de los avances del conocimiento. Con capacidad de emprendimiento, competitividad, cooperaci\u00f3n, liderazgo y con conocimientos interdisciplinarios para relacionar la estructura multi-escala con las propiedades, procesamiento y aplicaciones de los materiales met\u00e1licos, cer\u00e1micos, pol\u00edmeros, biol\u00f3gicos, compuestos; as\u00ed como de los materiales funcionales, biomateriales y nanomateriales; para combinarlos o modificarlos con el objetivo de mejorar el desempe\u00f1o, durabilidad y costo, tanto de los productos como de los procesos. Todo ello, en forma sustentable y socialmente responsable.<\/p>\n<p>El Ingeniero de Materiales puede desempe\u00f1ar funciones:<\/p>\n<ul>\n<li>En industrias productoras, utilizadoras, recicladoras de materiales; dise\u00f1ar, seleccionar y optimizar materiales; procesos de producci\u00f3n y transformaci\u00f3n de materiales; dise\u00f1o y c\u00e1lculo de los materiales a usarse en los componentes de equipos; reutilizaci\u00f3n, recuperaci\u00f3n y reciclado de materiales.<\/li>\n<li>En el control de materiales para caracterizar y evaluar materiales, controlar la calidad de los materiales, mantenimiento y durabilidad de los materiales, as\u00ed como con en la seguridad estructural y predicci\u00f3n de la vida en servicio.<\/li>\n<li>En la gesti\u00f3n y servicios de materiales para analizar y homologar materiales; para realizar consultor\u00edas, auditor\u00edas y peritajes; gestionar empresas de producci\u00f3n y transformaci\u00f3n de materiales; gestionar materiales en centros p\u00fablicos e instituciones sanitarias; administraci\u00f3n p\u00fablica.<\/li>\n<li>En el uso sostenible de los materiales para conservar y gestionar el medio ambiente y el patrimonio art\u00edstico y cultural para preservar las estructuras y obras de arte del patrimonio cultural, gestionar el medioambiental y la disposici\u00f3n de residuos.<\/li>\n<li>En investigaci\u00f3n y docencia para desempe\u00f1ar actividades de estudios de prospectiva, investigaci\u00f3n, desarrollo e innovaci\u00f3n (I+D+i) de materiales, docencia universitaria, docencia no universitaria.<\/li>\n<\/ul>\n","protected":false},"excerpt":{"rendered":"<p>Los Ingenieros de Materiales egresados de la Universidad Nacional de San Agust\u00edn son profesionales de alta calidad e integrales, desde una perspectiva \u00e9tica, cient\u00edfica y tecnol\u00f3gica, con pleno sentido de responsabilidad social de acuerdo a las necesidades del pa\u00eds y de los avances del conocimiento. Con capacidad de emprendimiento, competitividad, cooperaci\u00f3n, liderazgo y con conocimientos [&hellip;]<\/p>\n","protected":false},"author":1,"featured_media":1290,"parent":0,"menu_order":0,"comment_status":"closed","ping_status":"closed","template":"","meta":{"_acf_changed":false,"footnotes":""},"class_list":["post-1130","page","type-page","status-publish","has-post-thumbnail","hentry"],"acf":[],"_links":{"self":[{"href":"https:\/\/fip.unsa.edu.pe\/ingmateriales\/wp-json\/wp\/v2\/pages\/1130","targetHints":{"allow":["GET"]}}],"collection":[{"href":"https:\/\/fip.unsa.edu.pe\/ingmateriales\/wp-json\/wp\/v2\/pages"}],"about":[{"href":"https:\/\/fip.unsa.edu.pe\/ingmateriales\/wp-json\/wp\/v2\/types\/page"}],"author":[{"embeddable":true,"href":"https:\/\/fip.unsa.edu.pe\/ingmateriales\/wp-json\/wp\/v2\/users\/1"}],"replies":[{"embeddable":true,"href":"https:\/\/fip.unsa.edu.pe\/ingmateriales\/wp-json\/wp\/v2\/comments?post=1130"}],"version-history":[{"count":5,"href":"https:\/\/fip.unsa.edu.pe\/ingmateriales\/wp-json\/wp\/v2\/pages\/1130\/revisions"}],"predecessor-version":[{"id":1860,"href":"https:\/\/fip.unsa.edu.pe\/ingmateriales\/wp-json\/wp\/v2\/pages\/1130\/revisions\/1860"}],"wp:featuredmedia":[{"embeddable":true,"href":"https:\/\/fip.unsa.edu.pe\/ingmateriales\/wp-json\/wp\/v2\/media\/1290"}],"wp:attachment":[{"href":"https:\/\/fip.unsa.edu.pe\/ingmateriales\/wp-json\/wp\/v2\/media?parent=1130"}],"curies":[{"name":"wp","href":"https:\/\/api.w.org\/{rel}","templated":true}]}}