{"id":1659,"date":"2018-05-24T16:35:03","date_gmt":"2018-05-24T21:35:03","guid":{"rendered":"https:\/\/fip.unsa.edu.pe\/ingmateriales\/?page_id=1659"},"modified":"2025-07-14T17:59:43","modified_gmt":"2025-07-14T22:59:43","slug":"objetivos-educacionales","status":"publish","type":"page","link":"https:\/\/fip.unsa.edu.pe\/ingmateriales\/objetivos-educacionales\/","title":{"rendered":"Objetivos Educacionales"},"content":{"rendered":"<p>Se espera que los egresados del Programa de Ingenier\u00eda de Materiales de la UNSA, tres a\u00f1os despu\u00e9s de la graduaci\u00f3n sean capaces de:<\/p>\n<ul>\n<li>Participar activamente en la planificaci\u00f3n, direcci\u00f3n y control de procesos de fabricaci\u00f3n y producci\u00f3n de los diferentes materiales a la vanguardia de nuevas tecnolog\u00edas.<\/li>\n<li>Evaluar, desarrollar y mejorar tecnolog\u00eda en el campo de materiales con est\u00e1ndares de calidad, optimizando costos de producci\u00f3n asociados a las operaciones y procesos productivos.<\/li>\n<li>Generar investigaci\u00f3n y desarrollo de nuevos materiales met\u00e1licos, cer\u00e1micos, pl\u00e1sticos, comp\u00f3sitos y materiales avanzados, que involucre trabajo en equipo multidisciplinario y conducta \u00e9tica responsable.<\/li>\n<li>Participar en procesos productivos amigables con el medio ambiente, fomentando tecnolog\u00edas de reciclado de materiales y comprometidos con una producci\u00f3n bajo est\u00e1ndares de seguridad.<\/li>\n<li>Liderar sistemas de gesti\u00f3n y control de la calidad y asumir funciones ejecutivas en organizaciones, aplicando principios de auditor\u00eda y mejora continua para optimizar procesos en organizaciones del sector industrial.<\/li>\n<\/ul>\n","protected":false},"excerpt":{"rendered":"<p>Se espera que los egresados del Programa de Ingenier\u00eda de Materiales de la UNSA, tres a\u00f1os despu\u00e9s de la graduaci\u00f3n sean capaces de: Participar activamente en la planificaci\u00f3n, direcci\u00f3n y control de procesos de fabricaci\u00f3n y producci\u00f3n de los diferentes materiales a la vanguardia de nuevas tecnolog\u00edas. Evaluar, desarrollar y mejorar tecnolog\u00eda en el campo [&hellip;]<\/p>\n","protected":false},"author":1,"featured_media":1272,"parent":0,"menu_order":0,"comment_status":"closed","ping_status":"closed","template":"","meta":{"_acf_changed":false,"footnotes":""},"class_list":["post-1659","page","type-page","status-publish","has-post-thumbnail","hentry"],"acf":[],"_links":{"self":[{"href":"https:\/\/fip.unsa.edu.pe\/ingmateriales\/wp-json\/wp\/v2\/pages\/1659","targetHints":{"allow":["GET"]}}],"collection":[{"href":"https:\/\/fip.unsa.edu.pe\/ingmateriales\/wp-json\/wp\/v2\/pages"}],"about":[{"href":"https:\/\/fip.unsa.edu.pe\/ingmateriales\/wp-json\/wp\/v2\/types\/page"}],"author":[{"embeddable":true,"href":"https:\/\/fip.unsa.edu.pe\/ingmateriales\/wp-json\/wp\/v2\/users\/1"}],"replies":[{"embeddable":true,"href":"https:\/\/fip.unsa.edu.pe\/ingmateriales\/wp-json\/wp\/v2\/comments?post=1659"}],"version-history":[{"count":7,"href":"https:\/\/fip.unsa.edu.pe\/ingmateriales\/wp-json\/wp\/v2\/pages\/1659\/revisions"}],"predecessor-version":[{"id":2153,"href":"https:\/\/fip.unsa.edu.pe\/ingmateriales\/wp-json\/wp\/v2\/pages\/1659\/revisions\/2153"}],"wp:featuredmedia":[{"embeddable":true,"href":"https:\/\/fip.unsa.edu.pe\/ingmateriales\/wp-json\/wp\/v2\/media\/1272"}],"wp:attachment":[{"href":"https:\/\/fip.unsa.edu.pe\/ingmateriales\/wp-json\/wp\/v2\/media?parent=1659"}],"curies":[{"name":"wp","href":"https:\/\/api.w.org\/{rel}","templated":true}]}}