{"id":1196,"date":"2017-09-13T14:19:54","date_gmt":"2017-09-13T14:19:54","guid":{"rendered":"http:\/\/www2.unsa.edu.pe\/escuelas\/ingmetalurgica\/?page_id=1196"},"modified":"2017-10-19T13:43:13","modified_gmt":"2017-10-19T13:43:13","slug":"resena-historica","status":"publish","type":"page","link":"https:\/\/fip.unsa.edu.pe\/ingmetalurgica\/resena-historica\/","title":{"rendered":"Rese\u00f1a Hist\u00f3rica"},"content":{"rendered":"<p>La Escuela Profesional de Ingenier\u00eda Metal\u00fargica, fue creada el 05 de Agosto de 1974 por Resoluci\u00f3n N\u00b0 1753-74-CONUP, despu\u00e9s de intensas jornadas estudiantiles que involucraron a los estudiantes de la primera y segunda promoci\u00f3n de la escuela. La Primera Promoci\u00f3n de Ing. Metal\u00fargica de la UNSA, egresa en el mes de mayo del a\u00f1o 1976.<\/p>\n<p>El nacimiento de nuestra Escuela se da a ra\u00edz del desdoblamiento de la carrera de Ing. Qu\u00edmica en el a\u00f1o 1973, y que luego de largas jornadas de lucha de la primera promoci\u00f3n se consigue la oficializaci\u00f3n de Ing. Metal\u00fargica en San Agust\u00edn.<\/p>\n<p>&nbsp;<\/p>\n","protected":false},"excerpt":{"rendered":"<p>La Escuela Profesional de Ingenier\u00eda Metal\u00fargica, fue creada el 05 de Agosto de 1974 por Resoluci\u00f3n N\u00b0 1753-74-CONUP, despu\u00e9s de intensas jornadas estudiantiles que involucraron a los estudiantes de la primera y segunda promoci\u00f3n de la escuela. La Primera Promoci\u00f3n de Ing. Metal\u00fargica de la UNSA, egresa en el mes de mayo del a\u00f1o 1976. [&hellip;]<\/p>\n","protected":false},"author":1,"featured_media":1274,"parent":0,"menu_order":0,"comment_status":"closed","ping_status":"closed","template":"","meta":{"_acf_changed":false,"footnotes":""},"class_list":["post-1196","page","type-page","status-publish","has-post-thumbnail","hentry"],"acf":[],"_links":{"self":[{"href":"https:\/\/fip.unsa.edu.pe\/ingmetalurgica\/wp-json\/wp\/v2\/pages\/1196","targetHints":{"allow":["GET"]}}],"collection":[{"href":"https:\/\/fip.unsa.edu.pe\/ingmetalurgica\/wp-json\/wp\/v2\/pages"}],"about":[{"href":"https:\/\/fip.unsa.edu.pe\/ingmetalurgica\/wp-json\/wp\/v2\/types\/page"}],"author":[{"embeddable":true,"href":"https:\/\/fip.unsa.edu.pe\/ingmetalurgica\/wp-json\/wp\/v2\/users\/1"}],"replies":[{"embeddable":true,"href":"https:\/\/fip.unsa.edu.pe\/ingmetalurgica\/wp-json\/wp\/v2\/comments?post=1196"}],"version-history":[{"count":3,"href":"https:\/\/fip.unsa.edu.pe\/ingmetalurgica\/wp-json\/wp\/v2\/pages\/1196\/revisions"}],"predecessor-version":[{"id":1299,"href":"https:\/\/fip.unsa.edu.pe\/ingmetalurgica\/wp-json\/wp\/v2\/pages\/1196\/revisions\/1299"}],"wp:featuredmedia":[{"embeddable":true,"href":"https:\/\/fip.unsa.edu.pe\/ingmetalurgica\/wp-json\/wp\/v2\/media\/1274"}],"wp:attachment":[{"href":"https:\/\/fip.unsa.edu.pe\/ingmetalurgica\/wp-json\/wp\/v2\/media?parent=1196"}],"curies":[{"name":"wp","href":"https:\/\/api.w.org\/{rel}","templated":true}]}}