{"id":1206,"date":"2017-09-13T14:30:52","date_gmt":"2017-09-13T14:30:52","guid":{"rendered":"http:\/\/www2.unsa.edu.pe\/escuelas\/ingmetalurgica\/?page_id=1206"},"modified":"2026-02-06T20:11:37","modified_gmt":"2026-02-07T01:11:37","slug":"personal-docente","status":"publish","type":"page","link":"https:\/\/fip.unsa.edu.pe\/ingmetalurgica\/personal-docente\/","title":{"rendered":"Personal Docente"},"content":{"rendered":"<p>Personal Docente que presta servicios a la Escuela Profesional:<\/p>\n<table class=\"table table-striped\" cellspacing=\"0\" cellpadding=\"0\">\n<tbody>\n<tr>\n<th>Docente<\/th>\n<th><span dir=\"auto\" style=\"vertical-align: inherit\"><span dir=\"auto\" style=\"vertical-align: inherit\">CV<\/span><\/span><\/th>\n<\/tr>\n<tr>\n<td>Alvarado Quintanilla, Jerson Edwin<\/td>\n<td><a href=\"https:\/\/fip.unsa.edu.pe\/ingmetalurgica\/wp-content\/uploads\/sites\/9\/2026\/02\/ALVARADO-QUINTANILLA-JERSON.pdf\" target=\"_blank\" rel=\"noopener\"><span dir=\"auto\" style=\"vertical-align: inherit\"><span dir=\"auto\" style=\"vertical-align: inherit\">Descargar<\/span><\/span><\/a><\/td>\n<\/tr>\n<tr>\n<td>Bola\u00f1os Sosa, H\u00e9ctor Gelber<\/td>\n<td><a href=\"https:\/\/fip.unsa.edu.pe\/ingmetalurgica\/wp-content\/uploads\/sites\/9\/2026\/02\/BOLANOS-SOSA.pdf\" target=\"_blank\" rel=\"noopener\"><span dir=\"auto\" style=\"vertical-align: inherit\"><span dir=\"auto\" style=\"vertical-align: inherit\">Descargar<\/span><\/span><\/a><\/td>\n<\/tr>\n<tr>\n<td>Bustinza Rivera,V\u00edctor Vicente<\/td>\n<td><a href=\"https:\/\/fip.unsa.edu.pe\/ingmetalurgica\/wp-content\/uploads\/sites\/9\/2026\/02\/BUSTINZA-RIVERA.pdf\" target=\"_blank\" rel=\"noopener\"><span dir=\"auto\" style=\"vertical-align: inherit\"><span dir=\"auto\" style=\"vertical-align: inherit\">Descargar<\/span><\/span><\/a><\/td>\n<\/tr>\n<tr>\n<td>Calisaya Mamani, Federico Eleodoro<\/td>\n<td><a href=\"https:\/\/fip.unsa.edu.pe\/ingmetalurgica\/wp-content\/uploads\/sites\/9\/2026\/02\/CALISAYA-MAMANI.pdf\" target=\"_blank\" rel=\"noopener\"><span dir=\"auto\" style=\"vertical-align: inherit\"><span dir=\"auto\" style=\"vertical-align: inherit\">Descargar<\/span><\/span><\/a><\/td>\n<\/tr>\n<tr>\n<td><span dir=\"auto\" style=\"vertical-align: inherit\"><span dir=\"auto\" style=\"vertical-align: inherit\">D\u00e1valos Huisa, Percy<\/span><\/span><\/td>\n<td><a href=\"https:\/\/fip.unsa.edu.pe\/ingmetalurgica\/wp-content\/uploads\/sites\/9\/2026\/02\/DAVALOS-HUISA.pdf\" target=\"_blank\" rel=\"noopener\"><span dir=\"auto\" style=\"vertical-align: inherit\"><span dir=\"auto\" style=\"vertical-align: inherit\">Descargar<\/span><\/span><\/a><\/td>\n<\/tr>\n<tr>\n<td>Duarte Mu\u00f1oz, Orlando<\/td>\n<td><a href=\"https:\/\/fip.unsa.edu.pe\/ingmetalurgica\/wp-content\/uploads\/sites\/9\/2026\/02\/DUARTE-MUNOZ.pdf\" target=\"_blank\" rel=\"noopener\"><span dir=\"auto\" style=\"vertical-align: inherit\"><span dir=\"auto\" style=\"vertical-align: inherit\">Descargar<\/span><\/span><\/a><\/td>\n<\/tr>\n<tr>\n<td>Esquicha Larico, Elias David<\/td>\n<td><a href=\"https:\/\/fip.unsa.edu.pe\/ingmetalurgica\/wp-content\/uploads\/sites\/9\/2026\/02\/ESQUICHA-LARICO.pdf\" target=\"_blank\" rel=\"noopener\"><span dir=\"auto\" style=\"vertical-align: inherit\"><span dir=\"auto\" style=\"vertical-align: inherit\">Descargar<\/span><\/span><\/a><\/td>\n<\/tr>\n<tr>\n<td>Esquivias Llerena, Jorge Trinidad<\/td>\n<td><a href=\"https:\/\/fip.unsa.edu.pe\/ingmetalurgica\/wp-content\/uploads\/sites\/9\/2026\/02\/ESQUIVIAS-LLERENA.pdf\" target=\"_blank\" rel=\"noopener\"><span dir=\"auto\" style=\"vertical-align: inherit\"><span dir=\"auto\" style=\"vertical-align: inherit\">Descargar<\/span><\/span><\/a><\/td>\n<\/tr>\n<tr>\n<td>Hachire Pati\u00f1o, Zulema Georgina<\/td>\n<td><a href=\"https:\/\/fip.unsa.edu.pe\/ingmetalurgica\/wp-content\/uploads\/sites\/9\/2026\/02\/HACHIRE-PATINO.pdf\" target=\"_blank\" rel=\"noopener\"><span dir=\"auto\" style=\"vertical-align: inherit\"><span dir=\"auto\" style=\"vertical-align: inherit\">Descargar<\/span><\/span><\/a><\/td>\n<\/tr>\n<tr>\n<td>Huamani Bernal, Roberto Pedro<\/td>\n<td><a href=\"https:\/\/fip.unsa.edu.pe\/ingmetalurgica\/wp-content\/uploads\/sites\/9\/2026\/02\/HUAMANI-BERNAL.pdf\" target=\"_blank\" rel=\"noopener\"><span dir=\"auto\" style=\"vertical-align: inherit\"><span dir=\"auto\" style=\"vertical-align: inherit\">Descargar<\/span><\/span><\/a><\/td>\n<\/tr>\n<tr>\n<td>Jara Gonz\u00e1les, Juan Manuel<\/td>\n<td><a href=\"https:\/\/fip.unsa.edu.pe\/ingmetalurgica\/wp-content\/uploads\/sites\/9\/2026\/02\/JARA-GONZALES.pdf\" target=\"_blank\" rel=\"noopener\"><span dir=\"auto\" style=\"vertical-align: inherit\"><span dir=\"auto\" style=\"vertical-align: inherit\">Descargar<\/span><\/span><\/a><\/td>\n<\/tr>\n<tr>\n<td>Larico Yanqui, Julio Melquiades<\/td>\n<td><a href=\"https:\/\/fip.unsa.edu.pe\/ingmetalurgica\/wp-content\/uploads\/sites\/9\/2026\/02\/LARICO-YANQUI.pdf\" target=\"_blank\" rel=\"noopener\"><span dir=\"auto\" style=\"vertical-align: inherit\"><span dir=\"auto\" style=\"vertical-align: inherit\">Descargar<\/span><\/span><\/a><\/td>\n<\/tr>\n<tr>\n<td>Mamani Calcina, Pedro Luis<\/td>\n<td><a href=\"https:\/\/fip.unsa.edu.pe\/ingmetalurgica\/wp-content\/uploads\/sites\/9\/2026\/02\/MAMANI-CALCINA.pdf\" target=\"_blank\" rel=\"noopener\"><span dir=\"auto\" style=\"vertical-align: inherit\"><span dir=\"auto\" style=\"vertical-align: inherit\">Descargar<\/span><\/span><\/a><\/td>\n<\/tr>\n<tr>\n<td>Mamani Quispe, Jhon Marcelo<\/td>\n<td><a href=\"https:\/\/fip.unsa.edu.pe\/ingmetalurgica\/wp-content\/uploads\/sites\/9\/2026\/02\/Mamani-Quispe-Jhon-Marcelo-CV-EPIM.pdf\" target=\"_blank\" rel=\"noopener\"><span dir=\"auto\" style=\"vertical-align: inherit\"><span dir=\"auto\" style=\"vertical-align: inherit\">Descargar<\/span><\/span><\/a><\/td>\n<\/tr>\n<tr>\n<td>N\u00fa\u00f1ez Ram\u00edrez, Pedro Pablo<\/td>\n<td><a href=\"https:\/\/fip.unsa.edu.pe\/ingmetalurgica\/wp-content\/uploads\/sites\/9\/2026\/02\/NUNEZ-RAMIREZ.pdf\" target=\"_blank\" rel=\"noopener\"><span dir=\"auto\" style=\"vertical-align: inherit\"><span dir=\"auto\" style=\"vertical-align: inherit\">Descargar<\/span><\/span><\/a><\/td>\n<\/tr>\n<tr>\n<td>N\u00fa\u00f1ez Vera, Mario Richard<\/td>\n<td><a href=\"https:\/\/fip.unsa.edu.pe\/ingmetalurgica\/wp-content\/uploads\/sites\/9\/2026\/02\/NUNEZ-VERA.pdf\" target=\"_blank\" rel=\"noopener\"><span dir=\"auto\" style=\"vertical-align: inherit\"><span dir=\"auto\" style=\"vertical-align: inherit\">Descargar<\/span><\/span><\/a><\/td>\n<\/tr>\n<tr>\n<td>Quispe Ampuero, Guido Felix<\/td>\n<td><a href=\"https:\/\/fip.unsa.edu.pe\/ingmetalurgica\/wp-content\/uploads\/sites\/9\/2026\/02\/QUISPE-AMPUERO.pdf\" target=\"_blank\" rel=\"noopener\"><span dir=\"auto\" style=\"vertical-align: inherit\"><span dir=\"auto\" style=\"vertical-align: inherit\">Descargar<\/span><\/span><\/a><\/td>\n<\/tr>\n<tr>\n<td>Rodr\u00edguez Velarde, German Gustavo Oscar<\/td>\n<td><a href=\"https:\/\/fip.unsa.edu.pe\/ingmetalurgica\/wp-content\/uploads\/sites\/9\/2026\/02\/RODRIGUEZ-VELARDE.pdf\" target=\"_blank\" rel=\"noopener\"><span dir=\"auto\" style=\"vertical-align: inherit\"><span dir=\"auto\" style=\"vertical-align: inherit\">Descargar<\/span><\/span><\/a><\/td>\n<\/tr>\n<tr>\n<td><span dir=\"auto\" style=\"vertical-align: inherit\"><span dir=\"auto\" style=\"vertical-align: inherit\">Silva Arce, Daniel Salvador<\/span><\/span><\/td>\n<td><a href=\"https:\/\/fip.unsa.edu.pe\/ingmetalurgica\/wp-content\/uploads\/sites\/9\/2026\/02\/SILVA-ARCE.pdf\" target=\"_blank\" rel=\"noopener\"><span dir=\"auto\" style=\"vertical-align: inherit\"><span dir=\"auto\" style=\"vertical-align: inherit\">Descargar<\/span><\/span><\/a><\/td>\n<\/tr>\n<tr>\n<td>Taco Cervantes, Homar Henry<\/td>\n<td><a href=\"https:\/\/fip.unsa.edu.pe\/ingmetalurgica\/wp-content\/uploads\/sites\/9\/2026\/02\/TACO-CERVANTES.pdf\" target=\"_blank\" rel=\"noopener\"><span dir=\"auto\" style=\"vertical-align: inherit\"><span dir=\"auto\" style=\"vertical-align: inherit\">Descargar<\/span><\/span><\/a><\/td>\n<\/tr>\n<tr>\n<td>Veliz LLayqui, Nemesio Edgar<\/td>\n<td><a href=\"https:\/\/fip.unsa.edu.pe\/ingmetalurgica\/wp-content\/uploads\/sites\/9\/2026\/02\/VELIZ-LLAYQUI.pdf\" target=\"_blank\" rel=\"noopener\"><span dir=\"auto\" style=\"vertical-align: inherit\"><span dir=\"auto\" style=\"vertical-align: inherit\">Descargar<\/span><\/span><\/a><\/td>\n<\/tr>\n<tr>\n<td>Vilca Amesquita, Vicente Hermo Rudy<\/td>\n<td><a href=\"https:\/\/fip.unsa.edu.pe\/ingmetalurgica\/wp-content\/uploads\/sites\/9\/2026\/02\/VILCA-AMESQUITA.pdf\" target=\"_blank\" rel=\"noopener\"><span dir=\"auto\" style=\"vertical-align: inherit\"><span dir=\"auto\" style=\"vertical-align: inherit\">Descargar<\/span><\/span><\/a><\/td>\n<\/tr>\n<tr>\n<td>Vilca Paredes, Mar\u00eda Irene<\/td>\n<td><a href=\"https:\/\/fip.unsa.edu.pe\/ingmetalurgica\/wp-content\/uploads\/sites\/9\/2026\/02\/VILCA-PAREDES.pdf\" target=\"_blank\" rel=\"noopener\"><span dir=\"auto\" style=\"vertical-align: inherit\"><span dir=\"auto\" style=\"vertical-align: inherit\">Descargar<\/span><\/span><\/a><\/td>\n<\/tr>\n<tr>\n<td><span dir=\"auto\" style=\"vertical-align: inherit\"><span dir=\"auto\" style=\"vertical-align: inherit\">Zea Espinoza, Pedro Pablo<\/span><\/span><\/td>\n<td><a href=\"https:\/\/fip.unsa.edu.pe\/ingmetalurgica\/wp-content\/uploads\/sites\/9\/2026\/02\/ZEA-ESPINOZA.pdf\" target=\"_blank\" rel=\"noopener\"><span dir=\"auto\" style=\"vertical-align: inherit\"><span dir=\"auto\" style=\"vertical-align: inherit\">Descargar<\/span><\/span><\/a><\/td>\n<\/tr>\n<\/tbody>\n<\/table>\n<p><!--more--><\/p>\n<p><!--more--><\/p>\n","protected":false},"excerpt":{"rendered":"<p>Personal Docente que presta servicios a la Escuela Profesional: Docente CV Alvarado Quintanilla, Jerson Edwin Descargar Bola\u00f1os Sosa, H\u00e9ctor Gelber Descargar Bustinza Rivera,V\u00edctor Vicente Descargar Calisaya Mamani, Federico Eleodoro Descargar D\u00e1valos Huisa, Percy Descargar Duarte Mu\u00f1oz, Orlando Descargar Esquicha Larico, Elias David Descargar Esquivias Llerena, Jorge Trinidad Descargar Hachire Pati\u00f1o, Zulema Georgina Descargar Huamani Bernal, [&hellip;]<\/p>\n","protected":false},"author":1,"featured_media":0,"parent":0,"menu_order":0,"comment_status":"closed","ping_status":"closed","template":"","meta":{"_acf_changed":false,"footnotes":""},"class_list":["post-1206","page","type-page","status-publish","hentry"],"acf":[],"_links":{"self":[{"href":"https:\/\/fip.unsa.edu.pe\/ingmetalurgica\/wp-json\/wp\/v2\/pages\/1206","targetHints":{"allow":["GET"]}}],"collection":[{"href":"https:\/\/fip.unsa.edu.pe\/ingmetalurgica\/wp-json\/wp\/v2\/pages"}],"about":[{"href":"https:\/\/fip.unsa.edu.pe\/ingmetalurgica\/wp-json\/wp\/v2\/types\/page"}],"author":[{"embeddable":true,"href":"https:\/\/fip.unsa.edu.pe\/ingmetalurgica\/wp-json\/wp\/v2\/users\/1"}],"replies":[{"embeddable":true,"href":"https:\/\/fip.unsa.edu.pe\/ingmetalurgica\/wp-json\/wp\/v2\/comments?post=1206"}],"version-history":[{"count":33,"href":"https:\/\/fip.unsa.edu.pe\/ingmetalurgica\/wp-json\/wp\/v2\/pages\/1206\/revisions"}],"predecessor-version":[{"id":1835,"href":"https:\/\/fip.unsa.edu.pe\/ingmetalurgica\/wp-json\/wp\/v2\/pages\/1206\/revisions\/1835"}],"wp:attachment":[{"href":"https:\/\/fip.unsa.edu.pe\/ingmetalurgica\/wp-json\/wp\/v2\/media?parent=1206"}],"curies":[{"name":"wp","href":"https:\/\/api.w.org\/{rel}","templated":true}]}}