{"id":1308,"date":"2017-10-19T13:50:08","date_gmt":"2017-10-19T13:50:08","guid":{"rendered":"http:\/\/www2.unsa.edu.pe\/fip\/ingmetalurgica\/?page_id=1308"},"modified":"2026-02-06T19:04:11","modified_gmt":"2026-02-07T00:04:11","slug":"personal-administrativo","status":"publish","type":"page","link":"https:\/\/fip.unsa.edu.pe\/ingmetalurgica\/personal-administrativo\/","title":{"rendered":"Personal Administrativo"},"content":{"rendered":"<p>Personal Administrativo que presta servicio a la Escuela Profesional:<\/p>\n<table class=\"table table-striped\" cellspacing=\"0\" cellpadding=\"0\">\n<tbody>\n<tr>\n<th>Cargo<\/th>\n<th>Nombres y Apellidos<\/th>\n<\/tr>\n<tr>\n<td>Secretario de Escuela<\/td>\n<td>Fernando Carrera Portocarrero<\/td>\n<\/tr>\n<tr>\n<td>Secretaria de Departamento Acad\u00e9mico<\/td>\n<td>Dunia Ch\u00e1vez Vera<\/td>\n<\/tr>\n<tr>\n<td>T\u00e9cnico de Laboratorio<\/td>\n<td>Cecilia Suclla Montesinos<\/td>\n<\/tr>\n<tr>\n<td>T\u00e9cnico de Laboratorio<\/td>\n<td>Yv\u00e1n Guzm\u00e1n Jacobo<\/td>\n<\/tr>\n<tr>\n<td>Sala de Lectura<\/td>\n<td>Helbert Herrera Ju\u00e1rez<\/td>\n<\/tr>\n<tr>\n<td>Personal de conserjer\u00eda<\/td>\n<td>Jos\u00e9 Quispe Callo<\/td>\n<\/tr>\n<tr>\n<td>T\u00e9cnico de Laboratorio (Sede Hunter)<\/td>\n<td>Francisco Lol\u00edn Pati\u00f1o Abrigo<\/td>\n<\/tr>\n<tr>\n<td>T\u00e9cnico de Laboratorio (Sede Hunter)<\/td>\n<td>Ra\u00fal Pepe C\u00e1ceres Gonzales<\/td>\n<\/tr>\n<tr>\n<td>T\u00e9cnico de Laboratorio (Sede Rio Seco)<\/td>\n<td>Oscar Flores Avenda\u00f1o<\/td>\n<\/tr>\n<tr>\n<td>T\u00e9cnico de Laboratorio (Sede Rio Seco)<\/td>\n<td>Cesar Infantes Mendoza<\/td>\n<\/tr>\n<tr>\n<td>T\u00e9cnico de Laboratorio (Sede Rio Seco)<\/td>\n<td>Fabrizio Pinto Si\u00f1a<\/td>\n<\/tr>\n<\/tbody>\n<\/table>\n","protected":false},"excerpt":{"rendered":"<p>Personal Administrativo que presta servicio a la Escuela Profesional: Cargo Nombres y Apellidos Secretario de Escuela Fernando Carrera Portocarrero Secretaria de Departamento Acad\u00e9mico Dunia Ch\u00e1vez Vera T\u00e9cnico de Laboratorio Cecilia Suclla Montesinos T\u00e9cnico de Laboratorio Yv\u00e1n Guzm\u00e1n Jacobo Sala de Lectura Helbert Herrera Ju\u00e1rez Personal de conserjer\u00eda Jos\u00e9 Quispe Callo T\u00e9cnico de Laboratorio (Sede Hunter) [&hellip;]<\/p>\n","protected":false},"author":1,"featured_media":0,"parent":0,"menu_order":0,"comment_status":"closed","ping_status":"closed","template":"","meta":{"_acf_changed":false,"footnotes":""},"class_list":["post-1308","page","type-page","status-publish","hentry"],"acf":[],"_links":{"self":[{"href":"https:\/\/fip.unsa.edu.pe\/ingmetalurgica\/wp-json\/wp\/v2\/pages\/1308","targetHints":{"allow":["GET"]}}],"collection":[{"href":"https:\/\/fip.unsa.edu.pe\/ingmetalurgica\/wp-json\/wp\/v2\/pages"}],"about":[{"href":"https:\/\/fip.unsa.edu.pe\/ingmetalurgica\/wp-json\/wp\/v2\/types\/page"}],"author":[{"embeddable":true,"href":"https:\/\/fip.unsa.edu.pe\/ingmetalurgica\/wp-json\/wp\/v2\/users\/1"}],"replies":[{"embeddable":true,"href":"https:\/\/fip.unsa.edu.pe\/ingmetalurgica\/wp-json\/wp\/v2\/comments?post=1308"}],"version-history":[{"count":13,"href":"https:\/\/fip.unsa.edu.pe\/ingmetalurgica\/wp-json\/wp\/v2\/pages\/1308\/revisions"}],"predecessor-version":[{"id":1831,"href":"https:\/\/fip.unsa.edu.pe\/ingmetalurgica\/wp-json\/wp\/v2\/pages\/1308\/revisions\/1831"}],"wp:attachment":[{"href":"https:\/\/fip.unsa.edu.pe\/ingmetalurgica\/wp-json\/wp\/v2\/media?parent=1308"}],"curies":[{"name":"wp","href":"https:\/\/api.w.org\/{rel}","templated":true}]}}