{"id":1740,"date":"2019-07-09T09:26:39","date_gmt":"2019-07-09T14:26:39","guid":{"rendered":"https:\/\/fip.unsa.edu.pe\/ingquimica\/?page_id=1740"},"modified":"2019-07-09T10:08:35","modified_gmt":"2019-07-09T15:08:35","slug":"laboratorios","status":"publish","type":"page","link":"https:\/\/fip.unsa.edu.pe\/ingquimica\/laboratorios\/","title":{"rendered":"Laboratorios"},"content":{"rendered":"<p>Protocolos de seguridad aplicados:<\/p>\n<ul>\n<li><a href=\"https:\/\/fip.unsa.edu.pe\/ingquimica\/wp-content\/uploads\/sites\/2\/2019\/07\/Protocolo-04.pdf\" target=\"_blank\" rel=\"noopener\">Protocolo 04<\/a><\/li>\n<li><a href=\"https:\/\/fip.unsa.edu.pe\/ingquimica\/wp-content\/uploads\/sites\/2\/2019\/07\/Protocolo-08.pdf\" target=\"_blank\" rel=\"noopener\">Protocolo 08<\/a><\/li>\n<\/ul>\n<p>&nbsp;<\/p>\n<p>Distribuci\u00f3n de laboratorios en el pabell\u00f3n N. \u00ba16\u00a0 <strong>\u201cLaboratorios de Procesos Unitarios\u201d<\/strong><\/p>\n<table class=\"table table-bordered\">\n<tbody>\n<tr>\n<th width=\"10%\">Nivel<\/th>\n<th width=\"15%\">Laboratorio Denominaci\u00f3n<br \/>\n(AFORO)<\/th>\n<th width=\"30%\">Servicio que Ofrece<\/th>\n<th width=\"45%\">Equipos<\/th>\n<\/tr>\n<tr>\n<td rowspan=\"3\">Primer<br \/>\nNivel<\/td>\n<td>23.1-101<br \/>\n(56.67 m2)<br \/>\nElectroqu\u00edmica<br \/>\n(18)<\/td>\n<td>\n<ul>\n<li>Electroqu\u00edmica Industrial<\/li>\n<li>Ingenier\u00eda de las Reacciones Qu\u00edmicas<\/li>\n<\/ul>\n<\/td>\n<td>\n<ul>\n<li>Estufa<\/li>\n<li>Balanza Anal\u00edtica<\/li>\n<li>pH-metro<\/li>\n<li>Conduct\u00edmetro<\/li>\n<li>plancha de calefacci\u00f3n<\/li>\n<li>agitador magn\u00e9tico<\/li>\n<li>Vortex<\/li>\n<li>Ba\u00f1o Termost\u00e1tico<\/li>\n<li>Fuente de alimentaci\u00f3n de energ\u00eda c\u00e1mara de video con interconexi\u00f3n a televisor, sensor de gases<\/li>\n<\/ul>\n<\/td>\n<\/tr>\n<tr>\n<td>23.1-104<br \/>\n(94.89 m2)<br \/>\nQu\u00edmica Inorg\u00e1nica<br \/>\n(18)<\/td>\n<td>\n<ul>\n<li>Introducci\u00f3n a la Ing. Qu\u00edmica<\/li>\n<li>Qu\u00edmica Inorg\u00e1nica Aplicada a Ing. Procesos<\/li>\n<li>Materiales Industriales y Corrosi\u00f3n<\/li>\n<\/ul>\n<\/td>\n<td>\n<ul>\n<li>Balanza<\/li>\n<li>pH-metro<\/li>\n<li>Espectrofot\u00f3metro visible<\/li>\n<li>Sensor de temperatura<\/li>\n<li>Sensor de conductividad<\/li>\n<li>Contador de gotas<\/li>\n<\/ul>\n<\/td>\n<\/tr>\n<tr>\n<td>23.1-105<br \/>\n(103.47 m2)<br \/>\nOrg\u00e1nica y Bioprocesos<br \/>\n(18)<\/td>\n<td>\n<ul>\n<li>Qu\u00edmica Org\u00e1nica Aplicada a Ingenier\u00eda de Procesos 1 y 2<\/li>\n<\/ul>\n<\/td>\n<td>\n<ul>\n<li>Horno de copelaci\u00f3n<\/li>\n<li>M\u00f3dulo de Juego de Jarras automatizado<\/li>\n<li>Balanza<\/li>\n<li>pH-metro<\/li>\n<li>espectrofot\u00f3metro visible<\/li>\n<\/ul>\n<\/td>\n<\/tr>\n<tr>\n<td rowspan=\"3\" width=\"57\">Segundo Nivel<\/td>\n<td>23.1-201<br \/>\n(56.57 m2)<br \/>\nFisicoqu\u00edmica<br \/>\n(18)<\/td>\n<td>\n<ul>\n<li>F\u00edsico Qu\u00edmica 1 y 2<\/li>\n<li>Metalurgia 1 y 2<\/li>\n<\/ul>\n<\/td>\n<td>\n<ul>\n<li>Espectrofot\u00f3metro visible<\/li>\n<li>Columnas de intercambio i\u00f3nico<\/li>\n<\/ul>\n<\/td>\n<\/tr>\n<tr>\n<td>23.1-200A<br \/>\n(94.89 m2)<br \/>\nBiotecnolog\u00eda<br \/>\n(18)<\/td>\n<td>\n<ul>\n<li>Bioqu\u00edmica Aplicada<\/li>\n<li>Microbiolog\u00eda Industrial<\/li>\n<\/ul>\n<\/td>\n<td>\n<ul>\n<li>Estufa<\/li>\n<li>Micro-digestor Hach,<\/li>\n<li>microscopio<\/li>\n<li>Espectrofot\u00f3metro visible<\/li>\n<li>Centr\u00edfuga<\/li>\n<\/ul>\n<\/td>\n<\/tr>\n<tr>\n<td>23.1-204<br \/>\n(103.47 m2)<br \/>\nAn\u00e1lisis Instrumental<br \/>\n(18)<\/td>\n<td>\n<ul>\n<li>An\u00e1lisis Instrumental en Ingenier\u00eda 1 y 2<\/li>\n<\/ul>\n<\/td>\n<td>\n<ul>\n<li>Espectrofot\u00f3metro UV-Visible con adquisici\u00f3n y procesador de datos<\/li>\n<li>Espectrofot\u00f3metro de absorci\u00f3n at\u00f3mico con horno de grafito<\/li>\n<li>Balanza anal\u00edtica, pH-metro, conduct\u00edmetro<\/li>\n<li>Agitador magn\u00e9tico<\/li>\n<\/ul>\n<\/td>\n<\/tr>\n<\/tbody>\n<\/table>\n<p>Distribuci\u00f3n de laboratorios en el Pabell\u00f3n N\u00ba 23 <strong>\u201cLaboratorios de Operaciones Unitarias\u201d<\/strong><\/p>\n<table class=\"table table-bordered\">\n<tbody>\n<tr>\n<th width=\"10%\">Nivel<\/th>\n<th width=\"15%\">Laboratorio Denominaci\u00f3n<br \/>\n(AFORO)<\/th>\n<th width=\"30%\">Servicio que Ofrece<\/th>\n<th width=\"45%\">Equipos<\/th>\n<\/tr>\n<tr>\n<td rowspan=\"2\">Primer nivel<\/td>\n<td>21.1-101<br \/>\n(193 m2)<br \/>\nOperaciones Unitarias 1<br \/>\n(18)<\/td>\n<td>\n<ul>\n<li>Control de Procesos<\/li>\n<li>Operaciones Unitarias I<\/li>\n<li>Investigaci\u00f3n y Seminario de Tesis.<\/li>\n<\/ul>\n<\/td>\n<td>\n<ul>\n<li>M\u00f3dulo de aire acondicionado con calefactor<\/li>\n<li>Sistema de control intercambiador de calor<\/li>\n<li>M\u00f3dulo experimental de bombas<\/li>\n<li>Reactor con serpent\u00edn para vapor<\/li>\n<\/ul>\n<\/td>\n<\/tr>\n<tr>\n<td>21.1<br \/>\n(365 m2)<br \/>\nPanificadora<br \/>\nUNSA<\/td>\n<td>\n<ul>\n<li>Proyecto de Servicio Industrial. Su principal actividad es la elaboraci\u00f3n de pan, pasteles y panetones, (estos \u00faltimos preparados en campa\u00f1a de navidad).<\/li>\n<\/ul>\n<\/td>\n<td>\n<ul>\n<li>Todos los equipos que requiere una panader\u00eda automatizada<\/li>\n<\/ul>\n<\/td>\n<\/tr>\n<tr>\n<td rowspan=\"2\">Segundo nivel<\/td>\n<td>21.1-201<br \/>\n(79.95 m2)<br \/>\nTermodin\u00e1mica y Reactores<br \/>\n(18)<\/td>\n<td>\n<ul>\n<li>Termodin\u00e1mica<\/li>\n<li>Balance de Materia y Energ\u00eda<\/li>\n<li>Hidrocarburos<\/li>\n<li>Procesos Unitarios<\/li>\n<\/ul>\n<\/td>\n<td>\n<ul>\n<li>Reactores<\/li>\n<li>Intercambiador de calor de tubos<\/li>\n<li>Motor Diesel<\/li>\n<li>Motor Otto<\/li>\n<li>Alambique de cobre<\/li>\n<li>Compresora de gas<\/li>\n<\/ul>\n<\/td>\n<\/tr>\n<tr>\n<td>21.1-202<br \/>\n(66.46 m2)<br \/>\nOperaciones<br \/>\nUnitarias 2 y 3<br \/>\n(18)<\/td>\n<td>\n<ul>\n<li>Fen\u00f3menos de Transferencia<\/li>\n<li>Agroindustria 1-2<\/li>\n<li>Operaciones Unitarias 2-3<\/li>\n<\/ul>\n<\/td>\n<td>\n<ul>\n<li>M\u00f3dulo de extracci\u00f3n por arrastre de vapor<\/li>\n<li>M\u00f3dulo de destilaci\u00f3n<\/li>\n<li>M\u00f3dulo de cristalizaci\u00f3n<\/li>\n<\/ul>\n<\/td>\n<\/tr>\n<\/tbody>\n<\/table>\n","protected":false},"excerpt":{"rendered":"<p>Protocolos de seguridad aplicados: Protocolo 04 Protocolo 08 &nbsp; Distribuci\u00f3n de laboratorios en el pabell\u00f3n N. \u00ba16\u00a0 \u201cLaboratorios de Procesos Unitarios\u201d Nivel Laboratorio Denominaci\u00f3n (AFORO) Servicio que Ofrece Equipos Primer Nivel 23.1-101 (56.67 m2) Electroqu\u00edmica (18) Electroqu\u00edmica Industrial Ingenier\u00eda de las Reacciones Qu\u00edmicas Estufa Balanza Anal\u00edtica pH-metro Conduct\u00edmetro plancha de calefacci\u00f3n agitador magn\u00e9tico Vortex Ba\u00f1o [&hellip;]<\/p>\n","protected":false},"author":1,"featured_media":0,"parent":0,"menu_order":0,"comment_status":"closed","ping_status":"closed","template":"","meta":{"_acf_changed":false,"footnotes":""},"class_list":["post-1740","page","type-page","status-publish","hentry"],"acf":[],"_links":{"self":[{"href":"https:\/\/fip.unsa.edu.pe\/ingquimica\/wp-json\/wp\/v2\/pages\/1740","targetHints":{"allow":["GET"]}}],"collection":[{"href":"https:\/\/fip.unsa.edu.pe\/ingquimica\/wp-json\/wp\/v2\/pages"}],"about":[{"href":"https:\/\/fip.unsa.edu.pe\/ingquimica\/wp-json\/wp\/v2\/types\/page"}],"author":[{"embeddable":true,"href":"https:\/\/fip.unsa.edu.pe\/ingquimica\/wp-json\/wp\/v2\/users\/1"}],"replies":[{"embeddable":true,"href":"https:\/\/fip.unsa.edu.pe\/ingquimica\/wp-json\/wp\/v2\/comments?post=1740"}],"version-history":[{"count":20,"href":"https:\/\/fip.unsa.edu.pe\/ingquimica\/wp-json\/wp\/v2\/pages\/1740\/revisions"}],"predecessor-version":[{"id":1764,"href":"https:\/\/fip.unsa.edu.pe\/ingquimica\/wp-json\/wp\/v2\/pages\/1740\/revisions\/1764"}],"wp:attachment":[{"href":"https:\/\/fip.unsa.edu.pe\/ingquimica\/wp-json\/wp\/v2\/media?parent=1740"}],"curies":[{"name":"wp","href":"https:\/\/api.w.org\/{rel}","templated":true}]}}