{"id":199,"date":"2017-06-20T13:17:40","date_gmt":"2017-06-20T13:17:40","guid":{"rendered":"http:\/\/www2.unsa.edu.pe\/fip\/ingquimica\/?page_id=199"},"modified":"2025-07-22T17:12:35","modified_gmt":"2025-07-22T22:12:35","slug":"personal-docente","status":"publish","type":"page","link":"https:\/\/fip.unsa.edu.pe\/ingquimica\/personal-docente\/","title":{"rendered":"Personal Docente"},"content":{"rendered":"<table class=\"table table-striped\">\n<tbody>\n<tr>\n<td>\u00a0Armando Robles Fern\u00e1ndez<\/td>\n<td><a href=\"https:\/\/fip.unsa.edu.pe\/ingquimica\/wp-content\/uploads\/sites\/2\/2019\/07\/1.-Armando-Robles-Fern\u00e1ndez.pdf\" target=\"_blank\" rel=\"noopener\">Descargar CV <\/a><\/td>\n<\/tr>\n<tr>\n<td>\u00a0H\u00e9ctor Terrones Diaz<\/td>\n<td><a href=\"https:\/\/fip.unsa.edu.pe\/ingquimica\/wp-content\/uploads\/sites\/2\/2019\/07\/2.-H\u00e9ctor-Terrones-Diaz.pdf\" target=\"_blank\" rel=\"noopener\">Descargar CV <\/a><\/td>\n<\/tr>\n<tr>\n<td>\u00a0Marleni Gonzales Iquira<\/td>\n<td><a href=\"https:\/\/fip.unsa.edu.pe\/ingquimica\/wp-content\/uploads\/sites\/2\/2019\/07\/3.-Marleni-Gonzales-Iquira.pdf\" target=\"_blank\" rel=\"noopener\">Descargar CV <\/a><\/td>\n<\/tr>\n<tr>\n<td>\u00a0Luis Felipe Miranda Zanardi<\/td>\n<td><a href=\"https:\/\/fip.unsa.edu.pe\/ingquimica\/wp-content\/uploads\/sites\/2\/2019\/07\/4.-Luis-Felipe-Miranda-Zanardi.pdf\" target=\"_blank\" rel=\"noopener\">Descargar CV <\/a><\/td>\n<\/tr>\n<tr>\n<td>\u00a0Esperanza Medina Lezama<\/td>\n<td><a href=\"https:\/\/fip.unsa.edu.pe\/ingquimica\/wp-content\/uploads\/sites\/2\/2019\/07\/5.-Esperanza-Medina-Lezama.pdf\" target=\"_blank\" rel=\"noopener\">Descargar CV <\/a><\/td>\n<\/tr>\n<tr>\n<td>\u00a0V\u00edctor \u00c1lvarez Tohalino<\/td>\n<td><a href=\"https:\/\/fip.unsa.edu.pe\/ingquimica\/wp-content\/uploads\/sites\/2\/2019\/07\/6.-V\u00edctor-\u00c1lvarez-Tohalino.pdf\" target=\"_blank\" rel=\"noopener\">Descargar CV <\/a><\/td>\n<\/tr>\n<tr>\n<td>\u00a0Elizabeth Medrano de Jara<\/td>\n<td><a href=\"https:\/\/fip.unsa.edu.pe\/ingquimica\/wp-content\/uploads\/sites\/2\/2019\/07\/7.-Elizabeth-Medrano-de-Jara.pdf\" target=\"_blank\" rel=\"noopener\">Descargar CV <\/a><\/td>\n<\/tr>\n<tr>\n<td>\u00a0Omar Gallegos Jara<\/td>\n<td><a href=\"https:\/\/fip.unsa.edu.pe\/ingquimica\/wp-content\/uploads\/sites\/2\/2019\/07\/8.-Omar-Gallegos-Jara.pdf\" target=\"_blank\" rel=\"noopener\">Descargar CV <\/a><\/td>\n<\/tr>\n<tr>\n<td>\u00a0Miguel \u00c1ngel C\u00e1rdenas M\u00e1laga<\/td>\n<td><a href=\"https:\/\/fip.unsa.edu.pe\/ingquimica\/wp-content\/uploads\/sites\/2\/2019\/07\/9.-Miguel-\u00c1ngel-C\u00e1rdenas-M\u00e1laga.pdf\" target=\"_blank\" rel=\"noopener\">Descargar CV <\/a><\/td>\n<\/tr>\n<tr>\n<td>\u00a0F\u00e9lix Jos\u00e9 Sueros Velarde<\/td>\n<td><a href=\"https:\/\/fip.unsa.edu.pe\/ingquimica\/wp-content\/uploads\/sites\/2\/2019\/07\/10.-F\u00e9lix-Jos\u00e9-Sueros-Velarde.pdf\" target=\"_blank\" rel=\"noopener\">Descargar CV <\/a><\/td>\n<\/tr>\n<tr>\n<td>\u00a0Paulino Zegarra Panca<\/td>\n<td><a href=\"https:\/\/fip.unsa.edu.pe\/ingquimica\/wp-content\/uploads\/sites\/2\/2019\/07\/11.-Paulino-Zegarra-Panca.pdf\" target=\"_blank\" rel=\"noopener\">Descargar CV <\/a><\/td>\n<\/tr>\n<tr>\n<td>\u00a0Carmen Nelly Gorriti Gallegos<\/td>\n<td><a href=\"https:\/\/fip.unsa.edu.pe\/ingquimica\/wp-content\/uploads\/sites\/2\/2019\/07\/12.-Carmen-Nelly-Gorriti-Gallegos.pdf\" target=\"_blank\" rel=\"noopener\">Descargar CV <\/a><\/td>\n<\/tr>\n<tr>\n<td>\u00a0Iris Aliaga Villafuerte<\/td>\n<td><a href=\"https:\/\/fip.unsa.edu.pe\/ingquimica\/wp-content\/uploads\/sites\/2\/2019\/07\/13.-Iris-Aliaga-Villafuerte.pdf\" target=\"_blank\" rel=\"noopener\">Descargar CV <\/a><\/td>\n<\/tr>\n<tr>\n<td>\u00a0Rolando Basurco Carpio<\/td>\n<td><a href=\"https:\/\/fip.unsa.edu.pe\/ingquimica\/wp-content\/uploads\/sites\/2\/2019\/07\/14.-Rolando-Basurco-Carpio.pdf\" target=\"_blank\" rel=\"noopener\">Descargar CV <\/a><\/td>\n<\/tr>\n<tr>\n<td>\u00a0Mara Linares Pomareda<\/td>\n<td><a href=\"https:\/\/fip.unsa.edu.pe\/ingquimica\/wp-content\/uploads\/sites\/2\/2019\/07\/15.-Mara-Linares-Pomareda.pdf\" target=\"_blank\" rel=\"noopener\">Descargar CV <\/a><\/td>\n<\/tr>\n<tr>\n<td>\u00a0Pavel Delgado Sarmiento<\/td>\n<td><a href=\"https:\/\/fip.unsa.edu.pe\/ingquimica\/wp-content\/uploads\/sites\/2\/2019\/07\/16.-Pavel-Delgado-Sarmiento.pdf\" target=\"_blank\" rel=\"noopener\">Descargar CV <\/a><\/td>\n<\/tr>\n<tr>\n<td>\u00a0Armando Salinas S\u00e1nchez<\/td>\n<td><a href=\"https:\/\/fip.unsa.edu.pe\/ingquimica\/wp-content\/uploads\/sites\/2\/2019\/07\/17.-Armando-Salinas-S\u00e1nchez.pdf\" target=\"_blank\" rel=\"noopener\">Descargar CV <\/a><\/td>\n<\/tr>\n<tr>\n<td>\u00a0Mario Otto Paz Zegarra<\/td>\n<td><a href=\"https:\/\/fip.unsa.edu.pe\/ingquimica\/wp-content\/uploads\/sites\/2\/2019\/07\/18.-Mario-Otto-Paz-Zegarra.pdf\" target=\"_blank\" rel=\"noopener\">Descargar CV <\/a><\/td>\n<\/tr>\n<tr>\n<td>\u00a0Jorge Vel\u00e1squez Salinas<\/td>\n<td><a href=\"https:\/\/fip.unsa.edu.pe\/ingquimica\/wp-content\/uploads\/sites\/2\/2019\/07\/19.-Jorge-Vel\u00e1squez-Salinas.pdf\" target=\"_blank\" rel=\"noopener\">Descargar CV <\/a><\/td>\n<\/tr>\n<tr>\n<td>\u00a0Marcia Quequezana Bedregal<\/td>\n<td><a href=\"https:\/\/fip.unsa.edu.pe\/ingquimica\/wp-content\/uploads\/sites\/2\/2019\/07\/20.-Marcia-Quequezana-Bedregal.pdf\" target=\"_blank\" rel=\"noopener\">Descargar CV <\/a><\/td>\n<\/tr>\n<tr>\n<td>\u00a0Karina Mor\u00e1n Medina<\/td>\n<td><a href=\"https:\/\/fip.unsa.edu.pe\/ingquimica\/wp-content\/uploads\/sites\/2\/2019\/07\/22.-Karina-Mor\u00e1n-Medina.pdf\" target=\"_blank\" rel=\"noopener\">Descargar CV <\/a><\/td>\n<\/tr>\n<tr>\n<td>\u00a0Francisco Roque Rodr\u00edguez<\/td>\n<td><a href=\"https:\/\/fip.unsa.edu.pe\/ingquimica\/wp-content\/uploads\/sites\/2\/2019\/07\/23.-Francisco-Roque-Rodr\u00edguez.pdf\" target=\"_blank\" rel=\"noopener\">Descargar CV <\/a><\/td>\n<\/tr>\n<tr>\n<td>\u00a0Silvana Vizcarra N\u00fa\u00f1ez<\/td>\n<td><a href=\"https:\/\/fip.unsa.edu.pe\/ingquimica\/wp-content\/uploads\/sites\/2\/2019\/07\/24.-Silvana-Vizcarra-N\u00fa\u00f1ez.pdf\" target=\"_blank\" rel=\"noopener\">Descargar CV <\/a><\/td>\n<\/tr>\n<tr>\n<td>\u00a0Nidia Pompilla C\u00e1ceres<\/td>\n<td><a href=\"https:\/\/fip.unsa.edu.pe\/ingquimica\/wp-content\/uploads\/sites\/2\/2019\/07\/25.-Nidia-Pompilla-C\u00e1ceres.pdf\" target=\"_blank\" rel=\"noopener\">Descargar CV <\/a><\/td>\n<\/tr>\n<tr>\n<td>\u00a0Hugo Jim\u00e9nez Pacheco<\/td>\n<td><a href=\"https:\/\/fip.unsa.edu.pe\/ingquimica\/wp-content\/uploads\/sites\/2\/2019\/07\/27.-Hugo-Jim\u00e9nez-Pacheco.pdf\" target=\"_blank\" rel=\"noopener\">Descargar CV <\/a><\/td>\n<\/tr>\n<tr>\n<td>\u00a0Lilia Mary Miranda Ramos<\/td>\n<td><a href=\"https:\/\/fip.unsa.edu.pe\/ingquimica\/wp-content\/uploads\/sites\/2\/2019\/07\/28.-Lilia-Mary-Miranda-Ramos.pdf\" target=\"_blank\" rel=\"noopener\">Descargar CV <\/a><\/td>\n<\/tr>\n<tr>\n<td>\u00a0David Urquizo Valdivia<\/td>\n<td><a href=\"https:\/\/fip.unsa.edu.pe\/ingquimica\/wp-content\/uploads\/sites\/2\/2019\/07\/29.-David-Urquizo-Valdivia.pdf\" target=\"_blank\" rel=\"noopener\">Descargar CV <\/a><\/td>\n<\/tr>\n<tr>\n<td>\u00a0Teresa Cuadros Castillo<\/td>\n<td><a href=\"https:\/\/fip.unsa.edu.pe\/ingquimica\/wp-content\/uploads\/sites\/2\/2019\/07\/30.-Teresa-Cuadros-Castillo.pdf\" target=\"_blank\" rel=\"noopener\">Descargar CV <\/a><\/td>\n<\/tr>\n<tr>\n<td>\u00a0Evelyn Gutierrez Oppe<\/td>\n<td><a href=\"https:\/\/fip.unsa.edu.pe\/ingquimica\/wp-content\/uploads\/sites\/2\/2019\/07\/31.-Evelyn-Gutierrez-Oppe.pdf\" target=\"_blank\" rel=\"noopener\">Descargar CV <\/a><\/td>\n<\/tr>\n<tr>\n<td>\u00a0Jos\u00e9 Villegas Arag\u00f3n<\/td>\n<td><a href=\"https:\/\/fip.unsa.edu.pe\/ingquimica\/wp-content\/uploads\/sites\/2\/2019\/07\/32.-Jos\u00e9-Villegas-Arag\u00f3n.pdf\" target=\"_blank\" rel=\"noopener\">Descargar CV <\/a><\/td>\n<\/tr>\n<tr>\n<td>\u00a0Catalina Rond\u00f3n Saravia<\/td>\n<td><a href=\"https:\/\/fip.unsa.edu.pe\/ingquimica\/wp-content\/uploads\/sites\/2\/2019\/07\/34.-Catalina-Rond\u00f3n-Saravia.pdf\" target=\"_blank\" rel=\"noopener\">Descargar CV <\/a><\/td>\n<\/tr>\n<\/tbody>\n<\/table>\n","protected":false},"excerpt":{"rendered":"<p>\u00a0Armando Robles Fern\u00e1ndez Descargar CV \u00a0H\u00e9ctor Terrones Diaz Descargar CV \u00a0Marleni Gonzales Iquira Descargar CV \u00a0Luis Felipe Miranda Zanardi Descargar CV \u00a0Esperanza Medina Lezama Descargar CV \u00a0V\u00edctor \u00c1lvarez Tohalino Descargar CV \u00a0Elizabeth Medrano de Jara Descargar CV \u00a0Omar Gallegos Jara Descargar CV \u00a0Miguel \u00c1ngel C\u00e1rdenas M\u00e1laga Descargar CV \u00a0F\u00e9lix Jos\u00e9 Sueros Velarde Descargar CV \u00a0Paulino [&hellip;]<\/p>\n","protected":false},"author":1,"featured_media":1062,"parent":0,"menu_order":0,"comment_status":"closed","ping_status":"closed","template":"","meta":{"_acf_changed":false,"footnotes":""},"class_list":["post-199","page","type-page","status-publish","has-post-thumbnail","hentry"],"acf":[],"_links":{"self":[{"href":"https:\/\/fip.unsa.edu.pe\/ingquimica\/wp-json\/wp\/v2\/pages\/199","targetHints":{"allow":["GET"]}}],"collection":[{"href":"https:\/\/fip.unsa.edu.pe\/ingquimica\/wp-json\/wp\/v2\/pages"}],"about":[{"href":"https:\/\/fip.unsa.edu.pe\/ingquimica\/wp-json\/wp\/v2\/types\/page"}],"author":[{"embeddable":true,"href":"https:\/\/fip.unsa.edu.pe\/ingquimica\/wp-json\/wp\/v2\/users\/1"}],"replies":[{"embeddable":true,"href":"https:\/\/fip.unsa.edu.pe\/ingquimica\/wp-json\/wp\/v2\/comments?post=199"}],"version-history":[{"count":29,"href":"https:\/\/fip.unsa.edu.pe\/ingquimica\/wp-json\/wp\/v2\/pages\/199\/revisions"}],"predecessor-version":[{"id":1844,"href":"https:\/\/fip.unsa.edu.pe\/ingquimica\/wp-json\/wp\/v2\/pages\/199\/revisions\/1844"}],"wp:featuredmedia":[{"embeddable":true,"href":"https:\/\/fip.unsa.edu.pe\/ingquimica\/wp-json\/wp\/v2\/media\/1062"}],"wp:attachment":[{"href":"https:\/\/fip.unsa.edu.pe\/ingquimica\/wp-json\/wp\/v2\/media?parent=199"}],"curies":[{"name":"wp","href":"https:\/\/api.w.org\/{rel}","templated":true}]}}