{"id":221,"date":"2017-06-20T14:54:50","date_gmt":"2017-06-20T14:54:50","guid":{"rendered":"http:\/\/www2.unsa.edu.pe\/fip\/ingquimica\/?page_id=221"},"modified":"2017-07-07T11:26:27","modified_gmt":"2017-07-07T11:26:27","slug":"infraestructura","status":"publish","type":"page","link":"https:\/\/fip.unsa.edu.pe\/ingquimica\/infraestructura\/","title":{"rendered":"Infraestructura"},"content":{"rendered":"<p>La Escuela posee un pabell\u00f3n de aulas y dos pabellones de laboratorios.<\/p>\n<p>El pabell\u00f3n de aulas tiene tres niveles. En sus ambientes se desarrolla la labor acad\u00e9mica (la cual implica el aspecto te\u00f3rico y te\u00f3rico-pr\u00e1ctico de cada una de las asignaturas).<\/p>\n<p>Adem\u00e1s cuenta con un Auditorio para realizaci\u00f3n de eventos acad\u00e9micos, cient\u00edficos, tecnol\u00f3gicos, art\u00edsticos y para sustentaci\u00f3n de tesis; as\u00ed como una Biblio-hemeroteca, un laboratorio de c\u00f3mputo, un sal\u00f3n de inform\u00e1tica y una sala de Docentes.<\/p>\n<p>La actividad acad\u00e9mica pr\u00e1ctica de cada asignatura se lleva a cabo en los pabellones de Laboratorios.<\/p>\n<p>El primer bloque, denominado Pabell\u00f3n de laboratorios de Procesos Unitarios, est\u00e1 constituido por dos niveles o plantas, con seis ambientes de laboratorio.<\/p>\n<p>El segundo bloque, denominado Pabell\u00f3n de laboratorios de Operaciones Unitarias, tiene dos niveles o plantas, con cuatro ambientes, en uno de los cuales se ubica la Panificadora UNSA.<\/p>\n","protected":false},"excerpt":{"rendered":"<p>La Escuela posee un pabell\u00f3n de aulas y dos pabellones de laboratorios. El pabell\u00f3n de aulas tiene tres niveles. En sus ambientes se desarrolla la labor acad\u00e9mica (la cual implica el aspecto te\u00f3rico y te\u00f3rico-pr\u00e1ctico de cada una de las asignaturas). Adem\u00e1s cuenta con un Auditorio para realizaci\u00f3n de eventos acad\u00e9micos, cient\u00edficos, tecnol\u00f3gicos, art\u00edsticos y [&hellip;]<\/p>\n","protected":false},"author":1,"featured_media":1030,"parent":0,"menu_order":0,"comment_status":"closed","ping_status":"closed","template":"","meta":{"_acf_changed":false,"footnotes":""},"class_list":["post-221","page","type-page","status-publish","has-post-thumbnail","hentry"],"acf":[],"_links":{"self":[{"href":"https:\/\/fip.unsa.edu.pe\/ingquimica\/wp-json\/wp\/v2\/pages\/221","targetHints":{"allow":["GET"]}}],"collection":[{"href":"https:\/\/fip.unsa.edu.pe\/ingquimica\/wp-json\/wp\/v2\/pages"}],"about":[{"href":"https:\/\/fip.unsa.edu.pe\/ingquimica\/wp-json\/wp\/v2\/types\/page"}],"author":[{"embeddable":true,"href":"https:\/\/fip.unsa.edu.pe\/ingquimica\/wp-json\/wp\/v2\/users\/1"}],"replies":[{"embeddable":true,"href":"https:\/\/fip.unsa.edu.pe\/ingquimica\/wp-json\/wp\/v2\/comments?post=221"}],"version-history":[{"count":6,"href":"https:\/\/fip.unsa.edu.pe\/ingquimica\/wp-json\/wp\/v2\/pages\/221\/revisions"}],"predecessor-version":[{"id":1155,"href":"https:\/\/fip.unsa.edu.pe\/ingquimica\/wp-json\/wp\/v2\/pages\/221\/revisions\/1155"}],"wp:featuredmedia":[{"embeddable":true,"href":"https:\/\/fip.unsa.edu.pe\/ingquimica\/wp-json\/wp\/v2\/media\/1030"}],"wp:attachment":[{"href":"https:\/\/fip.unsa.edu.pe\/ingquimica\/wp-json\/wp\/v2\/media?parent=221"}],"curies":[{"name":"wp","href":"https:\/\/api.w.org\/{rel}","templated":true}]}}